 z be s(-4). Suppose 0*v + z = 3*v. Suppose v = 4*d - 29. What is the tens digit of d?
2
Suppose -2*p + 2 = 8. Let z(f) = f. Let d be z(p). What is the units digit of -2 - (-1)/(d/(-57))?
7
What is the units digit of ((-121)/(-33))/(3/423)?
7
What is the units digit of (-44 - -46)*(-15)/(-2)?
5
Let h = -513 + 879. What is the units digit of h?
6
Let n(p) = -p**3 + 2*p**2 + p. Let t be n(-1). Let i(h) = -t + 6*h - 4*h - h + 5*h. What is the tens digit of i(2)?
1
Suppose -3 = -t + 2. Suppose 3*p = -t*g + 537 - 212, 3*g - p = 195. What is the tens digit of g?
6
Let j = -1199 + 3363. What is the units digit of j?
4
Let w be 59/(-5) + 20/25. What is the hundreds digit of 162 + 2/w + (-92)/(-22)?
1
What is the thousands digit of (144/84)/6 + (-11331)/(-7)?
1
Let h(o) = 483*o - 25. What is the thousands digit of h(3)?
1
Let b = -1005 - -1840. What is the hundreds digit of b?
8
Suppose -72 = q - k - 313, 4*q - 954 = -k. What is the hundreds digit of q?
2
Let i = -10 + 9. Let q(n) = 85*n**2. Let t be q(i). Suppose t = 3*k + 2*k. What is the units digit of k?
7
Let f = 1151 - 706. What is the tens digit of f?
4
Suppose 0 = 2*t + 3*p - 485, 4*t = t + 2*p + 708. Suppose 2*r = -5*r + t. What is the units digit of r?
4
Let h(r) = r**2 - 25*r + 514. What is the tens digit of h(0)?
1
What is the hundreds digit of (-22684)/(-18) + 8*(-19)/684?
2
Let q(j) = j**3 + 8*j**2 + 4*j + 3. Let r be q(-3). Suppose 14 = -3*f - 4*c - r, 0 = 5*f - 4*c + 30. Let u = 29 + f. What is the tens digit of u?
1
Let s(z) = z**2 + 7*z + 16. Let c(a) = a**2 - 4*a - 6. Let g be c(4). What is the tens digit of s(g)?
1
Suppose m - 1 = -2, 4*m - 12596 = -4*o. What is the units digit of o?
0
Let i(k) = -9*k. Let c be i(-2). Let m = c + 19. What is the tens digit of m?
3
Let j = 13 + -12. Suppose -z + 39 = v, -j = -4*z + 7. What is the units digit of v?
7
Let o = 1269 + -581. What is the hundreds digit of o?
6
Suppose 21 = 5*t + 6. Let g(v) = v**2 - 1. Let j be g(1). Suppose j*z + t*z = 27. What is the units digit of z?
9
Let c(b) be the first derivative of b**4/4 + 13*b**3/3 - 15*b**2/2 + 9*b - 4. Let d be c(-14). Let o = d - 10. What is the tens digit of o?
1
Let c = -1105 - -1767. What is the units digit of c?
2
Suppose -n = 11 - 3. Let o(a) = a**2 + 8*a + 4. What is the units digit of o(n)?
4
Let h(d) = 75*d + 6 - d**2 - 7 - 75*d - 14*d**3. What is the units digit of h(-2)?
7
Suppose 0 = 6*u + 147 - 543. Let q = u - 35. What is the units digit of q?
1
Suppose -5*q = 4*z - 1276, 2*z + q = 4*z - 624. What is the tens digit of z?
1
What is the thousands digit of -6*(-14)/(-6)*(-318)/3?
1
Suppose 5*u + 23 = l, 60 = 5*l - l - 4*u. Suppose -6*s + 7*s - 9 = 0. Suppose n + s = y - l, n = -2*y + 41. What is the tens digit of y?
2
Let z = 53 - 51. What is the units digit of (-4)/24 - z/((-12)/1393)?
2
Suppose 0 = -4*y + y + 72. Suppose d - 2*s = -7*s + 22, d = 4*s - 14. What is the tens digit of (-93)/d*y/(-36)?
3
Suppose 0 = -5*c + 2*c + 24. What is the units digit of ((-6)/c)/(13/(-416))?
4
Let j be ((-60)/24)/((-2)/(-4)). Let y be 1/(-1) - 55/j. What is the units digit of (45/y)/(2/16)?
6
Let r = -46 - -52. Suppose 0 = 2*z + r*z - 1624. What is the tens digit of z?
0
Let f = 12 - 21. Let u = 9 + f. Let r = u + 26. What is the units digit of r?
6
Suppose 3130*s - 3136*s + 10404 = 0. What is the tens digit of s?
3
Let a be (-2)/8 - (-4)/16. Let o be 46 + -9 - (1 + a). Let f = o - 17. What is the tens digit of f?
1
What is the units digit of -1*12/114 - 534/(-19)?
8
Suppose 3*c = -4*f + 5*f - 13, f + 15 = -4*c. What is the tens digit of (-551)/(-3) + f/(15/(-10))?
8
Let c(d) = -d**2 + 10*d + 11. Let b be c(10). Let h(t) = -t**2 + 15*t - 2. What is the units digit of h(b)?
2
What is the hundreds digit of 2*(2 + 481/2)?
4
What is the hundreds digit of -1 + -2 - (94864/14)/(-4)?
6
Suppose -129 + 3009 = 6*a. What is the units digit of a?
0
Let f(k) = -k**2 + 10*k - 24. Let m be f(6). Suppose -4*b + 5*v = -1264, m*v + 5*v + 20 = 0. What is the units digit of b?
1
Suppose -10*y + 3520 = 12*y. What is the units digit of y?
0
Let p(f) = -8*f**3 + 12*f**2 + 19*f - 5. Let m(a) = -10*a**3 + 13*a**2 + 19*a - 6. Let z(t) = 5*m(t) - 6*p(t). What is the units digit of z(-6)?
4
Suppose -7*l = -42*l + 140000. What is the thousands digit of l?
4
Let s(a) = -2*a**3 - 2*a**2 + 2*a + 2. Let w be s(-4). Let z = -21 + 31. What is the units digit of 32/z*w/9?
2
Let n(f) = 47*f**2 + 40*f - 9. What is the units digit of n(6)?
3
Let k(i) be the third derivative of 1/120*i**6 - 3*i**2 + 0*i - 1/3*i**3 + 1/20*i**5 + 0 - 1/24*i**4. What is the units digit of k(2)?
6
Suppose -321 = -5*c + 114. What is the tens digit of 1/((-3)/c)*-2?
5
Let m(s) be the first derivative of -61*s**2/2 - 5*s + 13. What is the tens digit of m(-1)?
5
Let g(c) = -c**3 + 11*c**2 + 11*c + 14. Let x be g(12). What is the units digit of 8/(6/(-4)*x/(-27))?
2
What is the hundreds digit of ((-8)/((-64)/2360))/1?
2
Suppose 0 = -5*w - 20, 4*w - w = 2*t + 38. Let l(k) = -4*k**3 - 25*k**2 - 7*k - 11. Let f be l(-6). What is the units digit of (-287)/f + 10/t?
7
Let d(v) = 90*v. Let g be d(1). Suppose -4*a - 4*c = -72, -c + 3*c = -5*a + g. Suppose a = 2*y - 6. What is the units digit of y?
2
Let u(i) = 9*i**2 + 5*i + 4. Let x(y) = 26*y**2 + 15*y + 12. Let j(m) = -11*u(m) + 4*x(m). What is the tens digit of j(-5)?
0
Let d be 4/1 - (-4 - -5). Suppose -4*g + d*s = -0*g - 200, -3*g + 5*s = -139. What is the tens digit of g?
5
Suppose -s = -3*r + 4*s + 113, -5*r - s + 179 = 0. Let y = r - 25. What is the tens digit of y?
1
Let y = -14 - -22. Let a be (-4)/y + (-10)/(-4). Suppose -a*l = -3*q - 64, 70 = 5*l + 4*q - 67. What is the units digit of l?
9
Suppose w - 2461 = 5*d, -63*w + 5*d - 2431 = -64*w. What is the thousands digit of w?
2
Suppose -w - 4*l + 140 = 0, -2*w + 2*l + 2*l = -244. What is the tens digit of w?
2
Suppose -2*t - 48 - 8 = 0. What is the units digit of (-14)/t*3*118?
7
Let f(a) = 183*a + 6. Let o be f(3). Let d = o + -351. What is the hundreds digit of d?
2
Suppose -5*u = 2*t - 10581, 3*u + 3*t = 223 + 6122. What is the units digit of u?
7
Let s(z) = -z**2 - 6*z + 7. What is the units digit of s(-6)?
7
Suppose 0*y + y - 4 = 0. Let m(r) = r**3 - 14*r**2 + 2*r - 28. Let z be m(14). Suppose 4*f - 4*c - c - 143 = z, y*f - c = 131. What is the tens digit of f?
3
Suppose 3*h = b + 1543 + 3783, h + 5*b = 1770. What is the tens digit of h?
7
Let d(u) = 535*u**2 + 27*u + 1. What is the units digit of d(-1)?
9
Suppose 3 = 19*m + 3. Suppose m = -2*d + 245 + 177. What is the hundreds digit of d?
2
Let s be (20/(-15) + 3)*(2 + 1). Suppose 0*p = p. What is the units digit of -2 + 0 + p + s?
3
Suppose -2*b = -b - 9. Let o(c) = 7*c**2 - 18*c - 6. Let y(u) = -3*u**2 + 9*u + 3. Let r(w) = 2*o(w) + 5*y(w). What is the units digit of r(b)?
3
Let g(a) be the third derivative of -a**6/120 + 11*a**5/60 - 5*a**4/12 + a**3/6 + 4*a**2. Suppose 4 = c - 6. What is the units digit of g(c)?
1
Let s(n) = 0 + 28*n**2 - 2*n - 34*n**2 + 1 + n**3. Suppose -5*c + c + 5*o = -48, -4*c = -4*o - 44. What is the tens digit of s(c)?
3
Let y(v) = -2*v - v + 2*v - 5*v - v**2 + 7. Let b be y(-7). Suppose b = -2*p + 3*p - 2. What is the units digit of p?
2
Let r(v) = -75*v - 204. What is the hundreds digit of r(-27)?
8
Suppose -1244 = 13*c - 9*c. Let x = -164 - c. What is the hundreds digit of x?
1
Let y(d) = -d - 6. Let x be y(-6). Suppose x = -k - 4*k. Suppose 5*c - 47 = r, 4*c + 6*r - r - 26 = k. What is the units digit of c?
9
What is the hundreds digit of (-1 - -9)/((-78)/(-2028))?
2
Let p = 763 - -1962. What is the thousands digit of p?
2
Suppose 0 = -649*g + 654*g - 5310. What is the thousands digit of g?
1
Let u(y) = -y**2 - y + 641. Let b be u(0). Suppose 4*z = -153 + b. What is the hundreds digit of z?
1
Suppose 5*s - u + 24 = 7*s, 75 = 5*s - 5*u. Suppose -336 = -16*f + s*f. What is the units digit of f?
2
Let u = -147 + 1685. What is the hundreds digit of u?
5
Suppose 0 = -3*i + 3*w + 2160, -5*i - 4*w = -5277 + 1713. What is the units digit of i?
6
Let i = 631 - 308. What is the tens digit of i?
2
Let x(b) = -b**2 + 6*b - 3. Let c be x(5). Let q(t) = -t + 9*t**3 - 10*t**3 + 11 - 14*t**c + 3*t**2. What is the tens digit of q(-11)?
2
Suppose -2*w - 3*b = b - 200, 16 = -4*b. Supp